{"id":598,"date":"2019-09-19T18:38:27","date_gmt":"2019-09-19T18:38:27","guid":{"rendered":"http:\/\/integratedrehab.bluedotproduction.ca\/?page_id=598"},"modified":"2019-09-23T20:48:45","modified_gmt":"2019-09-23T20:48:45","slug":"career-opportunities","status":"publish","type":"page","link":"https:\/\/integratedrehab.org\/fr\/career-opportunities\/","title":{"rendered":"OPPORTUNIT\u00c9S DE CARRI\u00c8RE"},"content":{"rendered":"<div      class=\"vc_row wpb_row section vc_row-fluid\" style='background-color:#daa520;background-image:url(https:\/\/integratedrehab.org\/wp-content\/uploads\/2019\/09\/flare.jpg); text-align:left;'><div class=\"full_section_inner clearfix\"><div class=\"wpb_column vc_column_container vc_col-sm-12\"><div class=\"vc_column-inner\"><div class=\"wpb_wrapper\"><div      class=\"vc_row wpb_row section vc_row-fluid vc_inner  vc_custom_1568757884310\" style=' text-align:left;'><div class=\"full_section_inner clearfix\"><div class=\"wpb_column vc_column_container vc_col-sm-12\"><div class=\"vc_column-inner\"><div class=\"wpb_wrapper\">\n\t<div class=\"wpb_text_column wpb_content_element\">\n\t\t<div class=\"wpb_wrapper\">\n\t\t\t<h1 style=\"text-align: center;\">OPPORTUNIT\u00c9S DE CARRI\u00c8RE<\/h1>\n\n\t\t<\/div> \n\t<\/div> <\/div><\/div><\/div><\/div><\/div><\/div><\/div><\/div><\/div><\/div><section      data-speed=\"1\" class=\"parallax_section_holder\" style = \" height:px; background-image:url('https:\/\/integratedrehab.org\/wp-content\/uploads\/2019\/09\/about-us-ellipse.png');\"><div class=\"parallax_content left\"><div class='parallax_section_inner_margin clearfix'><div class=\"wpb_column vc_column_container vc_col-sm-12\"><div class=\"vc_column-inner\"><div class=\"wpb_wrapper\"><div      class=\"vc_row wpb_row section vc_row-fluid vc_inner  vc_custom_1568918894725\" style=' text-align:left;'><div class=\"full_section_inner clearfix\"><div class=\"career-top wpb_column vc_column_container vc_col-sm-12\"><div class=\"vc_column-inner\"><div class=\"wpb_wrapper\">\n\t<div class=\"wpb_text_column wpb_content_element\">\n\t\t<div class=\"wpb_wrapper\">\n\t\t\t<h3 style=\"text-align: center;\">Integrated Rehab Professionals souhaite vivement vous rencontrer si vous \u00eates physioth\u00e9rapeute, ergoth\u00e9rapeute, di\u00e9t\u00e9ticien ou titulaire d'une ma\u00eetrise en travail social et que vous \u00eates int\u00e9ress\u00e9 par les possibilit\u00e9s d'emploi au sein de la communaut\u00e9.<\/h3>\n<p>&nbsp;<\/p>\n<h3 style=\"text-align: center;\"><\/h3>\n<h3 style=\"text-align: center;\">Nous vous offrons la possibilit\u00e9 d'\u00e9voluer dans votre profession en travaillant dans la communaut\u00e9\/le lieu de travail de demain.  Notre entreprise propose des initiatives de formation professionnelle et d'\u00e9ducation pour vous lorsque vous faites partie de notre \u00e9quipe.<\/h3>\n<p>&nbsp;<\/p>\n<h3 style=\"text-align: center;\"><\/h3>\n<h3 style=\"text-align: center;\">Nous sommes un groupe de th\u00e9rapeutes qui croient en des soins de qualit\u00e9 centr\u00e9s sur le client, en des initiatives de formation et en la r\u00e9alisation de nos propres buts et objectifs professionnels.<\/h3>\n\n\t\t<\/div> \n\t<\/div> <\/div><\/div><\/div><\/div><\/div><\/div><\/div><\/div><\/div><\/div><\/section><div      class=\"vc_row wpb_row section vc_row-fluid\" style=' text-align:left;'><div class=\"full_section_inner clearfix\"><div class=\"wpb_column vc_column_container vc_col-sm-12\"><div class=\"vc_column-inner\"><div class=\"wpb_wrapper\"><div      class=\"vc_row wpb_row section vc_row-fluid vc_inner  vc_custom_1568918838751\" style=' text-align:left;'><div class=\"full_section_inner clearfix\"><div class=\"wpb_column vc_column_container vc_col-sm-12\"><div class=\"vc_column-inner\"><div class=\"wpb_wrapper\"><div class='q_elements_holder two_columns responsive_mode_from_768' ><div class='q_elements_item walking' data-animation='no' data-item-class='q_elements_holder_custom_233155'><div class='q_elements_item_inner'><div class='q_elements_item_content q_elements_holder_custom_233155' style='padding:4% 4% 4% 4%'>\n\t<div class=\"wpb_single_image wpb_content_element vc_align_left\">\n\t\t<div class=\"wpb_wrapper\">\n\t\t\t\n\t\t\t<div class=\"vc_single_image-wrapper   vc_box_border_grey\"><img loading=\"lazy\" decoding=\"async\" width=\"650\" height=\"550\" src=\"https:\/\/integratedrehab.org\/wp-content\/uploads\/2019\/09\/careers.jpg\" class=\"vc_single_image-img attachment-full\" alt=\"\" srcset=\"https:\/\/integratedrehab.org\/wp-content\/uploads\/2019\/09\/careers.jpg 650w, https:\/\/integratedrehab.org\/wp-content\/uploads\/2019\/09\/careers-300x254.jpg 300w\" sizes=\"auto, (max-width: 650px) 100vw, 650px\" \/><\/div>\n\t\t<\/div>\n\t<\/div>\n<\/div><\/div><\/div><div class='q_elements_item bottom-career' data-animation='no' data-item-class='q_elements_holder_custom_199835'><div class='q_elements_item_inner'><div class='q_elements_item_content q_elements_holder_custom_199835' style='padding:4% 4% 4% 4%'>\n\t<div class=\"wpb_text_column wpb_content_element\">\n\t\t<div class=\"wpb_wrapper\">\n\t\t\t<h2 class=\"req\"><strong>QUALIFICATIONS ET EXIGENCES :<\/strong><strong>\u00a0 <\/strong><\/h2>\n\n\t\t<\/div> \n\t<\/div> \t<div class=\"vc_empty_space\"  style=\"height: 32px\" ><span\n\t\t\tclass=\"vc_empty_space_inner\">\n\t\t\t<span class=\"empty_space_image\"  ><\/span>\n\t\t<\/span><\/div>\n\n\n\t<div class=\"wpb_text_column wpb_content_element\">\n\t\t<div class=\"wpb_wrapper\">\n\t\t\t<ul>\n<li>Inscription en cours \u00e0 l'Ordre des physioth\u00e9rapeutes, des ergoth\u00e9rapeutes, des di\u00e9t\u00e9ticiens et des travailleurs sociaux.<\/li>\n<li>Dipl\u00f4me d'un programme universitaire accr\u00e9dit\u00e9 ou \u00e9quivalent<\/li>\n<li>Assurance responsabilit\u00e9 civile professionnelle en cours<\/li>\n<li>Doit avoir une assurance automobile avec une assurance responsabilit\u00e9 civile de 1 000 000 $.<\/li>\n<li>V\u00e9rification du casier judiciaire<\/li>\n<li>Signer un accord de confidentialit\u00e9<\/li>\n<li>Signer un accord contractuel<\/li>\n<li>Respecter la loi sur la protection de la vie priv\u00e9e de l'Ontario et la loi sur les soins de longue dur\u00e9e.<\/li>\n<\/ul>\n<p>&nbsp;<\/p>\n<p>&nbsp;<\/p>\n<p><strong><em>Veuillez nous envoyer votre CV ou nous t\u00e9l\u00e9phoner pour prendre rendez-vous pour un entretien. <\/em><\/strong><\/p>\n\n\t\t<\/div> \n\t<\/div> <\/div><\/div><\/div><\/div><\/div><\/div><\/div><\/div><\/div><\/div><\/div><\/div><\/div><\/div>","protected":false},"excerpt":{"rendered":"Career Opportunities Integrated Rehab Professionals is very interested in meeting with you if you are a Registered Physiotherapist, Registered Occupational Therapist, Registered Dietitian or a Masters of Social Work and are interested in employment opportunities in the community. &nbsp; We offer you an opportunity to...","protected":false},"author":1,"featured_media":0,"parent":0,"menu_order":0,"comment_status":"closed","ping_status":"closed","template":"full_width.php","meta":{"footnotes":""},"class_list":["post-598","page","type-page","status-publish","hentry"],"_links":{"self":[{"href":"https:\/\/integratedrehab.org\/fr\/wp-json\/wp\/v2\/pages\/598","targetHints":{"allow":["GET"]}}],"collection":[{"href":"https:\/\/integratedrehab.org\/fr\/wp-json\/wp\/v2\/pages"}],"about":[{"href":"https:\/\/integratedrehab.org\/fr\/wp-json\/wp\/v2\/types\/page"}],"author":[{"embeddable":true,"href":"https:\/\/integratedrehab.org\/fr\/wp-json\/wp\/v2\/users\/1"}],"replies":[{"embeddable":true,"href":"https:\/\/integratedrehab.org\/fr\/wp-json\/wp\/v2\/comments?post=598"}],"version-history":[{"count":15,"href":"https:\/\/integratedrehab.org\/fr\/wp-json\/wp\/v2\/pages\/598\/revisions"}],"predecessor-version":[{"id":721,"href":"https:\/\/integratedrehab.org\/fr\/wp-json\/wp\/v2\/pages\/598\/revisions\/721"}],"wp:attachment":[{"href":"https:\/\/integratedrehab.org\/fr\/wp-json\/wp\/v2\/media?parent=598"}],"curies":[{"name":"wp","href":"https:\/\/api.w.org\/{rel}","templated":true}]}}

OPPORTUNITÉS DE CARRIÈRE

<div      class="vc_row wpb_row section vc_row-fluid" style='background-color:#daa520;background-image:url(https://integratedrehab.org/wp-content/uploads/2019/09/flare.jpg); text-align:left;'><div class="full_section_inner clearfix"><div class="wpb_column vc_column_container vc_col-sm-12"><div class="vc_column-inner"><div class="wpb_wrapper"><div      class="vc_row wpb_row section vc_row-fluid vc_inner  vc_custom_1568757884310" style=' text-align:left;'><div class="full_section_inner clearfix"><div class="wpb_column vc_column_container vc_col-sm-12"><div class="vc_column-inner"><div class="wpb_wrapper">
	<div class="wpb_text_column wpb_content_element">
		<div class="wpb_wrapper">
			<h1 style="text-align: center;">OPPORTUNITÉS DE CARRIÈRE</h1>

		</div> 
	</div> </div></div></div></div></div></div></div></div></div></div><section      data-speed="1" class="parallax_section_holder" style = " height:px; background-image:url('https://integratedrehab.org/wp-content/uploads/2019/09/about-us-ellipse.png');"><div class="parallax_content left"><div class='parallax_section_inner_margin clearfix'><div class="wpb_column vc_column_container vc_col-sm-12"><div class="vc_column-inner"><div class="wpb_wrapper"><div      class="vc_row wpb_row section vc_row-fluid vc_inner  vc_custom_1568918894725" style=' text-align:left;'><div class="full_section_inner clearfix"><div class="career-top wpb_column vc_column_container vc_col-sm-12"><div class="vc_column-inner"><div class="wpb_wrapper">
	<div class="wpb_text_column wpb_content_element">
		<div class="wpb_wrapper">
			<h3 style="text-align: center;">Integrated Rehab Professionals souhaite vivement vous rencontrer si vous êtes physiothérapeute, ergothérapeute, diététicien ou titulaire d'une maîtrise en travail social et que vous êtes intéressé par les possibilités d'emploi au sein de la communauté.</h3>
<p>&nbsp;</p>
<h3 style="text-align: center;"></h3>
<h3 style="text-align: center;">Nous vous offrons la possibilité d'évoluer dans votre profession en travaillant dans la communauté/le lieu de travail de demain.  Notre entreprise propose des initiatives de formation professionnelle et d'éducation pour vous lorsque vous faites partie de notre équipe.</h3>
<p>&nbsp;</p>
<h3 style="text-align: center;"></h3>
<h3 style="text-align: center;">Nous sommes un groupe de thérapeutes qui croient en des soins de qualité centrés sur le client, en des initiatives de formation et en la réalisation de nos propres buts et objectifs professionnels.</h3>

		</div> 
	</div> </div></div></div></div></div></div></div></div></div></div></section><div      class="vc_row wpb_row section vc_row-fluid" style=' text-align:left;'><div class="full_section_inner clearfix"><div class="wpb_column vc_column_container vc_col-sm-12"><div class="vc_column-inner"><div class="wpb_wrapper"><div      class="vc_row wpb_row section vc_row-fluid vc_inner  vc_custom_1568918838751" style=' text-align:left;'><div class="full_section_inner clearfix"><div class="wpb_column vc_column_container vc_col-sm-12"><div class="vc_column-inner"><div class="wpb_wrapper"><div class='q_elements_holder two_columns responsive_mode_from_768' ><div class='q_elements_item walking' data-animation='no' data-item-class='q_elements_holder_custom_233155'><div class='q_elements_item_inner'><div class='q_elements_item_content q_elements_holder_custom_233155' style='padding:4% 4% 4% 4%'>
	<div class="wpb_single_image wpb_content_element vc_align_left">
		<div class="wpb_wrapper">
			
			<div class="vc_single_image-wrapper   vc_box_border_grey"><img loading="lazy" decoding="async" width="650" height="550" src="https://integratedrehab.org/wp-content/uploads/2019/09/careers.jpg" class="vc_single_image-img attachment-full" alt="" srcset="https://integratedrehab.org/wp-content/uploads/2019/09/careers.jpg 650w, https://integratedrehab.org/wp-content/uploads/2019/09/careers-300x254.jpg 300w" sizes="auto, (max-width: 650px) 100vw, 650px" /></div>
		</div>
	</div>
</div></div></div><div class='q_elements_item bottom-career' data-animation='no' data-item-class='q_elements_holder_custom_199835'><div class='q_elements_item_inner'><div class='q_elements_item_content q_elements_holder_custom_199835' style='padding:4% 4% 4% 4%'>
	<div class="wpb_text_column wpb_content_element">
		<div class="wpb_wrapper">
			<h2 class="req"><strong>QUALIFICATIONS ET EXIGENCES :</strong><strong>  </strong></h2>

		</div> 
	</div> 	<div class="vc_empty_space"  style="height: 32px" ><span
			class="vc_empty_space_inner">
			<span class="empty_space_image"  ></span>
		</span></div>


	<div class="wpb_text_column wpb_content_element">
		<div class="wpb_wrapper">
			<ul>
<li>Inscription en cours à l'Ordre des physiothérapeutes, des ergothérapeutes, des diététiciens et des travailleurs sociaux.</li>
<li>Diplôme d'un programme universitaire accrédité ou équivalent</li>
<li>Assurance responsabilité civile professionnelle en cours</li>
<li>Doit avoir une assurance automobile avec une assurance responsabilité civile de 1 000 000 $.</li>
<li>Vérification du casier judiciaire</li>
<li>Signer un accord de confidentialité</li>
<li>Signer un accord contractuel</li>
<li>Respecter la loi sur la protection de la vie privée de l'Ontario et la loi sur les soins de longue durée.</li>
</ul>
<p>&nbsp;</p>
<p>&nbsp;</p>
<p><strong><em>Veuillez nous envoyer votre CV ou nous téléphoner pour prendre rendez-vous pour un entretien. </em></strong></p>

		</div> 
	</div> </div></div></div></div></div></div></div></div></div></div></div></div></div></div>
