{"id":358,"date":"2019-09-17T20:59:27","date_gmt":"2019-09-17T20:59:27","guid":{"rendered":"http:\/\/integratedrehab.bluedotproduction.ca\/?page_id=358"},"modified":"2019-09-23T21:01:24","modified_gmt":"2019-09-23T21:01:24","slug":"occupational-therapy","status":"publish","type":"page","link":"https:\/\/integratedrehab.org\/fr\/services\/occupational-therapy\/","title":{"rendered":"Ergoth\u00e9rapie"},"content":{"rendered":"<div      class=\"vc_row wpb_row section vc_row-fluid  vc_custom_1569271625776\" style='background-color:#e8c320;background-image:url(https:\/\/integratedrehab.org\/wp-content\/uploads\/2019\/09\/flare.jpg); text-align:center;'><div class=\"full_section_inner clearfix\"><div class=\"wpb_column vc_column_container vc_col-sm-12\"><div class=\"vc_column-inner\"><div class=\"wpb_wrapper\"><div      class=\"vc_row wpb_row section vc_row-fluid vc_inner\" style=' text-align:left;'><div class=\"full_section_inner clearfix\"><div class=\"wpb_column vc_column_container vc_col-sm-12\"><div class=\"vc_column-inner\"><div class=\"wpb_wrapper\">\n\t<div class=\"wpb_text_column wpb_content_element\">\n\t\t<div class=\"wpb_wrapper\">\n\t\t\t<h1 style=\"text-align: center;\">Prestations de service<\/h1>\n\n\t\t<\/div> \n\t<\/div> <\/div><\/div><\/div><\/div><\/div><\/div><\/div><\/div><\/div><\/div><section      data-speed=\"0\" class=\"parallax_section_holder\" style = \" height:px; background-image:url('https:\/\/integratedrehab.org\/wp-content\/uploads\/2019\/09\/about-us-ellipse.png');\"><div class=\"parallax_content left\"><div class='parallax_section_inner_margin clearfix'><div class=\"wpb_column vc_column_container vc_col-sm-12\"><div class=\"vc_column-inner\"><div class=\"wpb_wrapper\"><div      class=\"vc_row wpb_row section vc_row-fluid vc_inner  vc_custom_1568752192704\" style=' text-align:left;'><div class=\"full_section_inner clearfix\"><div class=\"wpb_column vc_column_container vc_col-sm-4\"><div class=\"vc_column-inner\"><div class=\"wpb_wrapper\">\n\t<div class=\"wpb_raw_code wpb_content_element wpb_raw_html\" >\n\t\t<div class=\"wpb_wrapper\">\n\t\t\t<div class=\"services\">\n<a href=\"\/fr\/services\/home-assessment-treatment\/\"><div class=\"service-content\">L'\u00e9valuation Et Le Traitement \u00c0 Domicile<\/div><\/a>\n<a href=\"\/fr\/services\/occupational-therapy\/\"><div class=\"service-content-active\">Ergoth\u00e9rapie<\/div><\/a>\n<a href=\"\/fr\/services\/physiotherapy\/\"><div class=\"service-content\">Physioth\u00e9rapie<\/div><\/a>\n<a href=\"\/fr\/services\/social-work\/\"><div class=\"service-content\">Travail Social<\/div><\/a>\n<a href=\"\/fr\/services\/dietitian\/\"><div class=\"service-content\">Services De Di\u00e9t\u00e9tique<\/div><\/a>\n<a href=\"\/fr\/services\/physiotherapy-occupational-therapy-assistant\/\"><div class=\"service-content\">Les Assistants En Physioth\u00e9rapie Et En Ergoth\u00e9rapie<\/div><\/a>\n<a href=\"\/fr\/services\/fall-prevention\/\"><div class=\"service-content\">Cours de pr\u00e9vention des chutes dans les maisons de retraite<\/div><\/a>\n<a href=\"\/fr\/services\/massage-therapy\/\"><div class=\"service-content-bottom\">Massoth\u00e9rapie enregistr\u00e9e<\/div><\/a>\n<\/div>\n\t\t<\/div>\n\t<\/div>\n<\/div><\/div><\/div><div class=\"info-box wpb_column vc_column_container vc_col-sm-8\"><div class=\"vc_column-inner\"><div class=\"wpb_wrapper\">\n\t<div class=\"wpb_single_image wpb_content_element vc_align_left\">\n\t\t<div class=\"wpb_wrapper\">\n\t\t\t\n\t\t\t<div class=\"vc_single_image-wrapper   vc_box_border_grey\"><img loading=\"lazy\" decoding=\"async\" width=\"530\" height=\"460\" src=\"https:\/\/integratedrehab.org\/wp-content\/uploads\/2019\/09\/lunch-prep-2.jpg\" class=\"vc_single_image-img attachment-full\" alt=\"\" srcset=\"https:\/\/integratedrehab.org\/wp-content\/uploads\/2019\/09\/lunch-prep-2.jpg 530w, https:\/\/integratedrehab.org\/wp-content\/uploads\/2019\/09\/lunch-prep-2-300x260.jpg 300w\" sizes=\"auto, (max-width: 530px) 100vw, 530px\" \/><\/div>\n\t\t<\/div>\n\t<\/div>\n\t<div class=\"vc_empty_space\"  style=\"height: 32px\" ><span\n\t\t\tclass=\"vc_empty_space_inner\">\n\t\t\t<span class=\"empty_space_image\"  ><\/span>\n\t\t<\/span><\/div>\n\n\n\t<div class=\"wpb_text_column wpb_content_element\">\n\t\t<div class=\"wpb_wrapper\">\n\t\t\t<h2>Ergoth\u00e9rapie<\/h2>\n\n\t\t<\/div> \n\t<\/div> \t<div class=\"vc_empty_space\"  style=\"height: 32px\" ><span\n\t\t\tclass=\"vc_empty_space_inner\">\n\t\t\t<span class=\"empty_space_image\"  ><\/span>\n\t\t<\/span><\/div>\n\n\n\t<div class=\"wpb_text_column wpb_content_element\">\n\t\t<div class=\"wpb_wrapper\">\n\t\t\t<p>Par des ergoth\u00e9rapeutes agr\u00e9\u00e9s<\/p>\n<p>&nbsp;<\/p>\n<p>Les clients font l'objet d'une \u00e9valuation \u00e0 leur domicile afin de d\u00e9terminer leur s\u00e9curit\u00e9, leurs besoins en mati\u00e8re de fauteuil roulant et de mobilit\u00e9, l'\u00e9quipement dont ils disposent pour les activit\u00e9s de la vie quotidienne et leur capacit\u00e9 \u00e0 acc\u00e9der \u00e0 la communaut\u00e9.  Les ergoth\u00e9rapeutes \u00e9valuent \u00e9galement la capacit\u00e9 du client \u00e0 prendre soin de lui-m\u00eame, la n\u00e9cessit\u00e9 d'am\u00e9nager son domicile et de l'aider \u00e0 l'entretenir, les t\u00e2ches de cuisine, les t\u00e2ches de blanchisserie, la capacit\u00e9 \u00e0 se procurer de la nourriture, les achats et les op\u00e9rations bancaires, l'entretien de l'ext\u00e9rieur et les t\u00e2ches de garde d'enfants. Le r\u00f4le de l'ergoth\u00e9rapeute consiste \u00e0 \u00e9valuer les capacit\u00e9s cognitives des patients dont la m\u00e9moire, la capacit\u00e9 de raisonnement, les comp\u00e9tences ex\u00e9cutives et les capacit\u00e9s de perception sont d\u00e9faillantes.  Les besoins en \u00e9quipement sont \u00e9valu\u00e9s et l'ergoth\u00e9rapeute travaille en \u00e9troite collaboration avec les vendeurs de la communaut\u00e9 pour fournir au patient l'\u00e9quipement dont il a besoin.<\/p>\n<p>&nbsp;<\/p>\n<p>Une \u00e9valuation \u00e0 domicile peut \u00eatre effectu\u00e9e lorsque le patient.. :<\/p>\n<ul>\n<li>\u00e9prouve des difficult\u00e9s \u00e0 accomplir ses activit\u00e9s quotidiennes (soins personnels, t\u00e2ches m\u00e9nag\u00e8res, garde d'enfants)<\/li>\n<li>\u00e9prouve des difficult\u00e9s \u00e0 se d\u00e9placer \u00e0 l'int\u00e9rieur du domicile ou se pose la question de la s\u00e9curit\u00e9 \u00e0 l'int\u00e9rieur du domicile.<\/li>\n<li>est sollicit\u00e9 pour des modifications du domicile ou des \u00e9quipements susceptibles d'accro\u00eetre l'autonomie du client \u00e0 domicile.<\/li>\n<li>Est incapable d'acc\u00e9der \u00e0 la communaut\u00e9 et peut avoir besoin d'un fauteuil roulant ou d'un appareil de mobilit\u00e9.<\/li>\n<li>La s\u00e9curit\u00e9 \u00e0 la maison est remise en question.<\/li>\n<li>Les capacit\u00e9s cognitives sont remises en question.<\/li>\n<li>Besoins, \u00e9valuation et traitement des probl\u00e8mes de sant\u00e9 mentale.<\/li>\n<\/ul>\n\n\t\t<\/div> \n\t<\/div> \t<div class=\"vc_empty_space\"  style=\"height: 32px\" ><span\n\t\t\tclass=\"vc_empty_space_inner\">\n\t\t\t<span class=\"empty_space_image\"  ><\/span>\n\t\t<\/span><\/div>\n\n<a  itemprop=\"url\" href=\"\/fr\/contact-us\/\" target=\"_self\"  class=\"qbutton  default\" style=\"\">Parlons<\/a><\/div><\/div><\/div><\/div><\/div><\/div><\/div><\/div><\/div><\/div><\/section>","protected":false},"excerpt":{"rendered":"Services Home Assessment &amp; Treatment Occupational Therapy Physiotherapy Social Work Dietitian's Services Physiotherapy &amp; Occupational Therapy Assistant Fall Prevention Classes In Retirement Homes Registered Massage Therapy Occupational Therapy By Registered Occupational Therapists &nbsp; Clients undergo assessment in their home to determine safety in the home,...","protected":false},"author":1,"featured_media":0,"parent":495,"menu_order":0,"comment_status":"closed","ping_status":"closed","template":"full_width.php","meta":{"footnotes":""},"class_list":["post-358","page","type-page","status-publish","hentry"],"_links":{"self":[{"href":"https:\/\/integratedrehab.org\/fr\/wp-json\/wp\/v2\/pages\/358","targetHints":{"allow":["GET"]}}],"collection":[{"href":"https:\/\/integratedrehab.org\/fr\/wp-json\/wp\/v2\/pages"}],"about":[{"href":"https:\/\/integratedrehab.org\/fr\/wp-json\/wp\/v2\/types\/page"}],"author":[{"embeddable":true,"href":"https:\/\/integratedrehab.org\/fr\/wp-json\/wp\/v2\/users\/1"}],"replies":[{"embeddable":true,"href":"https:\/\/integratedrehab.org\/fr\/wp-json\/wp\/v2\/comments?post=358"}],"version-history":[{"count":10,"href":"https:\/\/integratedrehab.org\/fr\/wp-json\/wp\/v2\/pages\/358\/revisions"}],"predecessor-version":[{"id":736,"href":"https:\/\/integratedrehab.org\/fr\/wp-json\/wp\/v2\/pages\/358\/revisions\/736"}],"up":[{"embeddable":true,"href":"https:\/\/integratedrehab.org\/fr\/wp-json\/wp\/v2\/pages\/495"}],"wp:attachment":[{"href":"https:\/\/integratedrehab.org\/fr\/wp-json\/wp\/v2\/media?parent=358"}],"curies":[{"name":"wp","href":"https:\/\/api.w.org\/{rel}","templated":true}]}}

Ergothérapie

<div      class="vc_row wpb_row section vc_row-fluid  vc_custom_1569271625776" style='background-color:#e8c320;background-image:url(https://integratedrehab.org/wp-content/uploads/2019/09/flare.jpg); text-align:center;'><div class="full_section_inner clearfix"><div class="wpb_column vc_column_container vc_col-sm-12"><div class="vc_column-inner"><div class="wpb_wrapper"><div      class="vc_row wpb_row section vc_row-fluid vc_inner" style=' text-align:left;'><div class="full_section_inner clearfix"><div class="wpb_column vc_column_container vc_col-sm-12"><div class="vc_column-inner"><div class="wpb_wrapper">
	<div class="wpb_text_column wpb_content_element">
		<div class="wpb_wrapper">
			<h1 style="text-align: center;">Prestations de service</h1>

		</div> 
	</div> </div></div></div></div></div></div></div></div></div></div><section      data-speed="0" class="parallax_section_holder" style = " height:px; background-image:url('https://integratedrehab.org/wp-content/uploads/2019/09/about-us-ellipse.png');"><div class="parallax_content left"><div class='parallax_section_inner_margin clearfix'><div class="wpb_column vc_column_container vc_col-sm-12"><div class="vc_column-inner"><div class="wpb_wrapper"><div      class="vc_row wpb_row section vc_row-fluid vc_inner  vc_custom_1568752192704" style=' text-align:left;'><div class="full_section_inner clearfix"><div class="wpb_column vc_column_container vc_col-sm-4"><div class="vc_column-inner"><div class="wpb_wrapper">
	<div class="wpb_raw_code wpb_content_element wpb_raw_html" >
		<div class="wpb_wrapper">
			<div class="services">
<a href="/fr/services/home-assessment-treatment/"><div class="service-content">L'évaluation Et Le Traitement À Domicile</div></a>
<a href="/fr/services/occupational-therapy/"><div class="service-content-active">Ergothérapie</div></a>
<a href="/fr/services/physiotherapy/"><div class="service-content">Physiothérapie</div></a>
<a href="/fr/services/social-work/"><div class="service-content">Travail Social</div></a>
<a href="/fr/services/dietitian/"><div class="service-content">Services De Diététique</div></a>
<a href="/fr/services/physiotherapy-occupational-therapy-assistant/"><div class="service-content">Les Assistants En Physiothérapie Et En Ergothérapie</div></a>
<a href="/fr/services/fall-prevention/"><div class="service-content">Cours de prévention des chutes dans les maisons de retraite</div></a>
<a href="/fr/services/massage-therapy/"><div class="service-content-bottom">Massothérapie enregistrée</div></a>
</div>
		</div>
	</div>
</div></div></div><div class="info-box wpb_column vc_column_container vc_col-sm-8"><div class="vc_column-inner"><div class="wpb_wrapper">
	<div class="wpb_single_image wpb_content_element vc_align_left">
		<div class="wpb_wrapper">
			
			<div class="vc_single_image-wrapper   vc_box_border_grey"><img loading="lazy" decoding="async" width="530" height="460" src="https://integratedrehab.org/wp-content/uploads/2019/09/lunch-prep-2.jpg" class="vc_single_image-img attachment-full" alt="" srcset="https://integratedrehab.org/wp-content/uploads/2019/09/lunch-prep-2.jpg 530w, https://integratedrehab.org/wp-content/uploads/2019/09/lunch-prep-2-300x260.jpg 300w" sizes="auto, (max-width: 530px) 100vw, 530px" /></div>
		</div>
	</div>
	<div class="vc_empty_space"  style="height: 32px" ><span
			class="vc_empty_space_inner">
			<span class="empty_space_image"  ></span>
		</span></div>


	<div class="wpb_text_column wpb_content_element">
		<div class="wpb_wrapper">
			<h2>Ergothérapie</h2>

		</div> 
	</div> 	<div class="vc_empty_space"  style="height: 32px" ><span
			class="vc_empty_space_inner">
			<span class="empty_space_image"  ></span>
		</span></div>


	<div class="wpb_text_column wpb_content_element">
		<div class="wpb_wrapper">
			<p>Par des ergothérapeutes agréés</p>
<p>&nbsp;</p>
<p>Les clients font l'objet d'une évaluation à leur domicile afin de déterminer leur sécurité, leurs besoins en matière de fauteuil roulant et de mobilité, l'équipement dont ils disposent pour les activités de la vie quotidienne et leur capacité à accéder à la communauté.  Les ergothérapeutes évaluent également la capacité du client à prendre soin de lui-même, la nécessité d'aménager son domicile et de l'aider à l'entretenir, les tâches de cuisine, les tâches de blanchisserie, la capacité à se procurer de la nourriture, les achats et les opérations bancaires, l'entretien de l'extérieur et les tâches de garde d'enfants. Le rôle de l'ergothérapeute consiste à évaluer les capacités cognitives des patients dont la mémoire, la capacité de raisonnement, les compétences exécutives et les capacités de perception sont défaillantes.  Les besoins en équipement sont évalués et l'ergothérapeute travaille en étroite collaboration avec les vendeurs de la communauté pour fournir au patient l'équipement dont il a besoin.</p>
<p>&nbsp;</p>
<p>Une évaluation à domicile peut être effectuée lorsque le patient.. :</p>
<ul>
<li>éprouve des difficultés à accomplir ses activités quotidiennes (soins personnels, tâches ménagères, garde d'enfants)</li>
<li>éprouve des difficultés à se déplacer à l'intérieur du domicile ou se pose la question de la sécurité à l'intérieur du domicile.</li>
<li>est sollicité pour des modifications du domicile ou des équipements susceptibles d'accroître l'autonomie du client à domicile.</li>
<li>Est incapable d'accéder à la communauté et peut avoir besoin d'un fauteuil roulant ou d'un appareil de mobilité.</li>
<li>La sécurité à la maison est remise en question.</li>
<li>Les capacités cognitives sont remises en question.</li>
<li>Besoins, évaluation et traitement des problèmes de santé mentale.</li>
</ul>

		</div> 
	</div> 	<div class="vc_empty_space"  style="height: 32px" ><span
			class="vc_empty_space_inner">
			<span class="empty_space_image"  ></span>
		</span></div>

<a  itemprop="url" href="/fr/contact-us/" target="_self"  class="qbutton  default" style="">Parlons</a></div></div></div></div></div></div></div></div></div></div></section>
