{"id":128,"date":"2019-09-10T21:07:29","date_gmt":"2019-09-10T21:07:29","guid":{"rendered":"http:\/\/integratedrehab.bluedotproduction.ca\/?page_id=128"},"modified":"2019-09-23T20:49:52","modified_gmt":"2019-09-23T20:49:52","slug":"faq","status":"publish","type":"page","link":"https:\/\/integratedrehab.org\/fr\/faq\/","title":{"rendered":"FAQ"},"content":{"rendered":"<div      class=\"vc_row wpb_row section vc_row-fluid\" style='background-color:#daa520;background-image:url(https:\/\/integratedrehab.org\/wp-content\/uploads\/2019\/09\/flare.jpg); text-align:left;'><div class=\"full_section_inner clearfix\"><div class=\"wpb_column vc_column_container vc_col-sm-12\"><div class=\"vc_column-inner\"><div class=\"wpb_wrapper\"><div      class=\"vc_row wpb_row section vc_row-fluid vc_inner  vc_custom_1568817022379\" style=' text-align:left;'><div class=\"full_section_inner clearfix\"><div class=\"wpb_column vc_column_container vc_col-sm-12\"><div class=\"vc_column-inner\"><div class=\"wpb_wrapper\">\n\t<div class=\"wpb_text_column wpb_content_element\">\n\t\t<div class=\"wpb_wrapper\">\n\t\t\t<h1 style=\"text-align: center;\">FAQ<\/h1>\n\n\t\t<\/div> \n\t<\/div> <\/div><\/div><\/div><\/div><\/div><\/div><\/div><\/div><\/div><\/div><div      class=\"vc_row wpb_row section vc_row-fluid\" style='background-image:url(https:\/\/integratedrehab.org\/wp-content\/uploads\/2019\/09\/questions-bw.jpg); text-align:left;'><div class=\"full_section_inner clearfix\"><div class=\"wpb_column vc_column_container vc_col-sm-12\"><div class=\"vc_column-inner\"><div class=\"wpb_wrapper\"><div      class=\"vc_row wpb_row section vc_row-fluid vc_inner  vc_custom_1568917761599 grid_section\" style=' text-align:left;'><div class=\"section_inner clearfix\"><div class='section_inner_margin clearfix'><div class=\"wpb_column vc_column_container vc_col-sm-12\"><div class=\"vc_column-inner\"><div class=\"wpb_wrapper\"><div class='q_elements_holder two_columns responsive_mode_from_768' ><div class='q_elements_item' data-animation='no' data-item-class='q_elements_holder_custom_803380'><div class='q_elements_item_inner'><div class='q_elements_item_content q_elements_holder_custom_803380' style='padding:4% 6% 4% 6%'>\n\t<div class=\"wpb_text_column wpb_content_element  vc_custom_1568817149869\">\n\t\t<div class=\"wpb_wrapper\">\n\t\t\t<p>Vous trouverez ci-dessous des informations sur la mani\u00e8re dont Integrated Rehab Professionals g\u00e8re ses activit\u00e9s.  N'h\u00e9sitez pas \u00e0 nous appeler pour toute question suppl\u00e9mentaire.<\/p>\n\n\t\t<\/div> \n\t<\/div> <\/div><\/div><\/div><div class='q_elements_item' data-animation='no' data-item-class='q_elements_holder_custom_231586'><div class='q_elements_item_inner'><div class='q_elements_item_content q_elements_holder_custom_231586' style='padding:4% 6% 4% 6%'>\n\t<div class=\"wpb_text_column wpb_content_element  vc_custom_1568817155301\">\n\t\t<div class=\"wpb_wrapper\">\n\t\t\t<p><strong>T\u00e9l\u00e9phone: <\/strong><a href=\"tel:9058395248\">905-839-5248<\/a><\/p>\n<p><strong>Sans frais: <\/strong><a href=\"tel:188846924849\">1-888-4692-4849<\/a><\/p>\n\n\t\t<\/div> \n\t<\/div> <a  itemprop=\"url\" href=\"\/fr\/contact-us\/\" target=\"_self\"  class=\"qbutton  medium default\" style=\"margin: 20px 0px 0px 0px; \">Contactez-nous<\/a><\/div><\/div><\/div><\/div><\/div><\/div><\/div><\/div><\/div><\/div><\/div><\/div><\/div><\/div><\/div><div      class=\"vc_row wpb_row section vc_row-fluid\" style='background-color:#1e2225;background-image:url(https:\/\/integratedrehab.org\/wp-content\/uploads\/2019\/09\/about-us-ellipse.png); text-align:left;'><div class=\"full_section_inner clearfix\"><div class=\"info-box wpb_column vc_column_container vc_col-sm-12\"><div class=\"vc_column-inner vc_custom_1568827830166\"><div class=\"wpb_wrapper\"><div      class=\"vc_row wpb_row section vc_row-fluid vc_inner  vc_custom_1568917848332 grid_section\" style=' text-align:left;'><div class=\"section_inner clearfix\"><div class='section_inner_margin clearfix'><div class=\"wpb_column vc_column_container vc_col-sm-12\"><div class=\"vc_column-inner\"><div class=\"wpb_wrapper\"><div class=\"qode-accordion-holder clearfix qode-accordion qode-initial\">\n\t<h3 class=\"clearfix qode-title-holder\">\n<span class=\"qode-tab-title\">\n\t    <span class=\"qode-tab-title-inner\">\n        Comment recevoir les services \u00e0 domicile des th\u00e9rapeutes d'Integrated Rehab Professionals ?    <\/span>\n<\/span>\n<span class=\"qode-accordion-mark\">\n    <span class=\"qode-accordion-mark-icon\">\n        <span class=\"icon_plus\"><\/span>\n        <span class=\"icon_minus-06\"><\/span>\n    <\/span>\n<\/span>\n<\/h3>\n<div  class=\"qode-accordion-content\" >\n    <div class=\"qode-accordion-content-inner\">\n        \n\t<div class=\"wpb_text_column wpb_content_element\">\n\t\t<div class=\"wpb_wrapper\">\n\t\t\t<p>La plupart de nos patients nous sont adress\u00e9s par le LHIN de CE (HCCSS actuellement) ou par l'\u00e9quipe de sant\u00e9 de l'Ontario.  De nombreux patients nous sont adress\u00e9s par des m\u00e9decins de famille ou des h\u00f4pitaux locaux lorsque le patient sort de l'h\u00f4pital.  Nous recevons \u00e9galement des recommandations de la communaut\u00e9, de la famille ou des soignants du patient.  Les informations concernant le patient sont recueillies par un coordinateur de cas ou un coordinateur de soins, puis nous recevons ces informations dans le cadre de notre recommandation pour vos soins. Nos th\u00e9rapeutes re\u00e7oivent la demande et prennent rendez-vous avec vous pour vous voir \u00e0 votre domicile.<\/p>\n\n\t\t<\/div> \n\t<\/div>     <\/div>\n<\/div><h3 class=\"clearfix qode-title-holder\">\n<span class=\"qode-tab-title\">\n\t    <span class=\"qode-tab-title-inner\">\n        Qui est pris en charge en tant que patient par le LHIN ou l'\u00c9quipe Sant\u00e9 Ontario ?    <\/span>\n<\/span>\n<span class=\"qode-accordion-mark\">\n    <span class=\"qode-accordion-mark-icon\">\n        <span class=\"icon_plus\"><\/span>\n        <span class=\"icon_minus-06\"><\/span>\n    <\/span>\n<\/span>\n<\/h3>\n<div  class=\"qode-accordion-content\" >\n    <div class=\"qode-accordion-content-inner\">\n        \n\t<div class=\"wpb_text_column wpb_content_element\">\n\t\t<div class=\"wpb_wrapper\">\n\t\t\t<p>Pour b\u00e9n\u00e9ficier de services \u00e0 domicile, une personne doit avoir :<\/p>\n<ul>\n<li>Carte d'assurance maladie de l'Ontario en cours de validit\u00e9<\/li>\n<li>Besoins qui ne peuvent \u00eatre satisfaits en ambulatoire<\/li>\n<li>Un \u00e9tat de sant\u00e9 qui peut \u00eatre trait\u00e9 de mani\u00e8re ad\u00e9quate \u00e0 domicile<\/li>\n<li>Besoin d'au moins un professionnel de la sant\u00e9 ou d'un service d'aide \u00e0 la personne<\/li>\n<\/ul>\n\n\t\t<\/div> \n\t<\/div>     <\/div>\n<\/div><h3 class=\"clearfix qode-title-holder\">\n<span class=\"qode-tab-title\">\n\t    <span class=\"qode-tab-title-inner\">\n        Si je souhaite b\u00e9n\u00e9ficier d'un service rapidement et que je ne souhaite pas attendre sur une liste d'attente ?    <\/span>\n<\/span>\n<span class=\"qode-accordion-mark\">\n    <span class=\"qode-accordion-mark-icon\">\n        <span class=\"icon_plus\"><\/span>\n        <span class=\"icon_minus-06\"><\/span>\n    <\/span>\n<\/span>\n<\/h3>\n<div  class=\"qode-accordion-content\" >\n    <div class=\"qode-accordion-content-inner\">\n        \n\t<div class=\"wpb_text_column wpb_content_element\">\n\t\t<div class=\"wpb_wrapper\">\n\t\t\t<p>Les professionnels de la r\u00e9adaptation int\u00e9gr\u00e9e peuvent vous recevoir et vous traiter \u00e0 votre domicile sur la base d'un paiement \u00e0 l'acte ou peuvent b\u00e9n\u00e9ficier de votre couverture d'assurance ou d'une assurance maladie compl\u00e9mentaire. Veuillez consulter la page des tarifs.<\/p>\n\n\t\t<\/div> \n\t<\/div>     <\/div>\n<\/div><h3 class=\"clearfix qode-title-holder\">\n<span class=\"qode-tab-title\">\n\t    <span class=\"qode-tab-title-inner\">\n        Une fois que mon service a commenc\u00e9, comment puis-je faire part d'une adaptation ou d'une plainte concernant mon service ?    <\/span>\n<\/span>\n<span class=\"qode-accordion-mark\">\n    <span class=\"qode-accordion-mark-icon\">\n        <span class=\"icon_plus\"><\/span>\n        <span class=\"icon_minus-06\"><\/span>\n    <\/span>\n<\/span>\n<\/h3>\n<div  class=\"qode-accordion-content\" >\n    <div class=\"qode-accordion-content-inner\">\n        \n\t<div class=\"wpb_text_column wpb_content_element\">\n\t\t<div class=\"wpb_wrapper\">\n\t\t\t<p>Integrated Rehab Professionals est heureux d'accepter toute plainte ou recommandation par t\u00e9l\u00e9phone. Si vous le souhaitez, vous pouvez utiliser notre ligne t\u00e9l\u00e9phonique r\u00e9serv\u00e9e aux clients et laisser un message sur la bo\u00eete vocale 529 pour ce type de questions.  Vous pouvez \u00e9galement t\u00e9l\u00e9phoner \u00e0 votre coordinateur de cas au LHIN (HCCSS), l'\u00e9quipe de sant\u00e9 de l'Ontario, et lui laisser des informations.<\/p>\n\n\t\t<\/div> \n\t<\/div>     <\/div>\n<\/div><h3 class=\"clearfix qode-title-holder\">\n<span class=\"qode-tab-title\">\n\t    <span class=\"qode-tab-title-inner\">\n        Comment ma vie priv\u00e9e est-elle prot\u00e9g\u00e9e ?    <\/span>\n<\/span>\n<span class=\"qode-accordion-mark\">\n    <span class=\"qode-accordion-mark-icon\">\n        <span class=\"icon_plus\"><\/span>\n        <span class=\"icon_minus-06\"><\/span>\n    <\/span>\n<\/span>\n<\/h3>\n<div  class=\"qode-accordion-content\" >\n    <div class=\"qode-accordion-content-inner\">\n        \n\t<div class=\"wpb_text_column wpb_content_element\">\n\t\t<div class=\"wpb_wrapper\">\n\t\t\t<p>Les th\u00e9rapeutes de l'IRP respectent votre vie priv\u00e9e.  En tant que professionnels de la sant\u00e9, ils peuvent utiliser ou divulguer vos renseignements personnels sur la sant\u00e9 en les partageant avec d'autres professionnels de la sant\u00e9.  Nous respectons les lois sur la protection de la vie priv\u00e9e de l'Ontario.  Veuillez consulter nos politiques en mati\u00e8re de protection de la vie priv\u00e9e sur ce site Web.<\/p>\n\n\t\t<\/div> \n\t<\/div>     <\/div>\n<\/div><h3 class=\"clearfix qode-title-holder\">\n<span class=\"qode-tab-title\">\n\t    <span class=\"qode-tab-title-inner\">\n        La massoth\u00e9rapie est-elle incluse dans les services \u00e0 domicile ?    <\/span>\n<\/span>\n<span class=\"qode-accordion-mark\">\n    <span class=\"qode-accordion-mark-icon\">\n        <span class=\"icon_plus\"><\/span>\n        <span class=\"icon_minus-06\"><\/span>\n    <\/span>\n<\/span>\n<\/h3>\n<div  class=\"qode-accordion-content\" >\n    <div class=\"qode-accordion-content-inner\">\n        \n\t<div class=\"wpb_text_column wpb_content_element\">\n\t\t<div class=\"wpb_wrapper\">\n\t\t\t<p>Integrated Rehab Professionals est associ\u00e9 \u00e0 une clinique ambulatoire financ\u00e9e par l'\u00c9tat, le Pickering Sports Medicine &amp; Wellness Centre. Nous avons la chance d'avoir un massoth\u00e9rapeute qui se rend au domicile des patients dans les r\u00e9gions de Pickering\/Ajax et Whitby.   Ses services sont payants.  Veuillez consulter le site <a href=\"https:\/\/www.pickeringsportsmedicine.com\"><strong>https:\/\/www.pickeringsportsmedicine.com<\/strong><\/a> pour obtenir des informations sur les prestations et les tarifs de la massoth\u00e9rapie ou de la physioth\u00e9rapie dans notre clinique externe.<\/p>\n\n\t\t<\/div> \n\t<\/div>     <\/div>\n<\/div><\/div><\/div><\/div><\/div><\/div><\/div><\/div><\/div><\/div><\/div><\/div><\/div>","protected":false},"excerpt":{"rendered":"FAQ Below you can find some information regarding the way Integrated Rehab Professionals handles its business. Please call us for any of your further questions. Phone: 905-839-5248 Toll Free: 1-888-4692-4849 Contact Us How do I receive the in-home services from the therapists at Integrated Rehab...","protected":false},"author":1,"featured_media":0,"parent":0,"menu_order":0,"comment_status":"closed","ping_status":"closed","template":"full_width.php","meta":{"footnotes":""},"class_list":["post-128","page","type-page","status-publish","hentry"],"_links":{"self":[{"href":"https:\/\/integratedrehab.org\/fr\/wp-json\/wp\/v2\/pages\/128","targetHints":{"allow":["GET"]}}],"collection":[{"href":"https:\/\/integratedrehab.org\/fr\/wp-json\/wp\/v2\/pages"}],"about":[{"href":"https:\/\/integratedrehab.org\/fr\/wp-json\/wp\/v2\/types\/page"}],"author":[{"embeddable":true,"href":"https:\/\/integratedrehab.org\/fr\/wp-json\/wp\/v2\/users\/1"}],"replies":[{"embeddable":true,"href":"https:\/\/integratedrehab.org\/fr\/wp-json\/wp\/v2\/comments?post=128"}],"version-history":[{"count":36,"href":"https:\/\/integratedrehab.org\/fr\/wp-json\/wp\/v2\/pages\/128\/revisions"}],"predecessor-version":[{"id":724,"href":"https:\/\/integratedrehab.org\/fr\/wp-json\/wp\/v2\/pages\/128\/revisions\/724"}],"wp:attachment":[{"href":"https:\/\/integratedrehab.org\/fr\/wp-json\/wp\/v2\/media?parent=128"}],"curies":[{"name":"wp","href":"https:\/\/api.w.org\/{rel}","templated":true}]}}

<div      class="vc_row wpb_row section vc_row-fluid" style='background-color:#daa520;background-image:url(https://integratedrehab.org/wp-content/uploads/2019/09/flare.jpg); text-align:left;'><div class="full_section_inner clearfix"><div class="wpb_column vc_column_container vc_col-sm-12"><div class="vc_column-inner"><div class="wpb_wrapper"><div      class="vc_row wpb_row section vc_row-fluid vc_inner  vc_custom_1568817022379" style=' text-align:left;'><div class="full_section_inner clearfix"><div class="wpb_column vc_column_container vc_col-sm-12"><div class="vc_column-inner"><div class="wpb_wrapper">
	<div class="wpb_text_column wpb_content_element">
		<div class="wpb_wrapper">
			<h1 style="text-align: center;">FAQ</h1>

		</div> 
	</div> </div></div></div></div></div></div></div></div></div></div><div      class="vc_row wpb_row section vc_row-fluid" style='background-image:url(https://integratedrehab.org/wp-content/uploads/2019/09/questions-bw.jpg); text-align:left;'><div class="full_section_inner clearfix"><div class="wpb_column vc_column_container vc_col-sm-12"><div class="vc_column-inner"><div class="wpb_wrapper"><div      class="vc_row wpb_row section vc_row-fluid vc_inner  vc_custom_1568917761599 grid_section" style=' text-align:left;'><div class="section_inner clearfix"><div class='section_inner_margin clearfix'><div class="wpb_column vc_column_container vc_col-sm-12"><div class="vc_column-inner"><div class="wpb_wrapper"><div class='q_elements_holder two_columns responsive_mode_from_768' ><div class='q_elements_item' data-animation='no' data-item-class='q_elements_holder_custom_803380'><div class='q_elements_item_inner'><div class='q_elements_item_content q_elements_holder_custom_803380' style='padding:4% 6% 4% 6%'>
	<div class="wpb_text_column wpb_content_element  vc_custom_1568817149869">
		<div class="wpb_wrapper">
			<p>Vous trouverez ci-dessous des informations sur la manière dont Integrated Rehab Professionals gère ses activités.  N'hésitez pas à nous appeler pour toute question supplémentaire.</p>

		</div> 
	</div> </div></div></div><div class='q_elements_item' data-animation='no' data-item-class='q_elements_holder_custom_231586'><div class='q_elements_item_inner'><div class='q_elements_item_content q_elements_holder_custom_231586' style='padding:4% 6% 4% 6%'>
	<div class="wpb_text_column wpb_content_element  vc_custom_1568817155301">
		<div class="wpb_wrapper">
			<p><strong>Téléphone: </strong><a href="tel:9058395248">905-839-5248</a></p>
<p><strong>Sans frais: </strong><a href="tel:188846924849">1-888-4692-4849</a></p>

		</div> 
	</div> <a  itemprop="url" href="/fr/contact-us/" target="_self"  class="qbutton  medium default" style="margin: 20px 0px 0px 0px; ">Contactez-nous</a></div></div></div></div></div></div></div></div></div></div></div></div></div></div></div><div      class="vc_row wpb_row section vc_row-fluid" style='background-color:#1e2225;background-image:url(https://integratedrehab.org/wp-content/uploads/2019/09/about-us-ellipse.png); text-align:left;'><div class="full_section_inner clearfix"><div class="info-box wpb_column vc_column_container vc_col-sm-12"><div class="vc_column-inner vc_custom_1568827830166"><div class="wpb_wrapper"><div      class="vc_row wpb_row section vc_row-fluid vc_inner  vc_custom_1568917848332 grid_section" style=' text-align:left;'><div class="section_inner clearfix"><div class='section_inner_margin clearfix'><div class="wpb_column vc_column_container vc_col-sm-12"><div class="vc_column-inner"><div class="wpb_wrapper"><div class="qode-accordion-holder clearfix qode-accordion qode-initial">
	<h3 class="clearfix qode-title-holder">
<span class="qode-tab-title">
	    <span class="qode-tab-title-inner">
        Comment recevoir les services à domicile des thérapeutes d'Integrated Rehab Professionals ?    </span>
</span>
<span class="qode-accordion-mark">
    <span class="qode-accordion-mark-icon">
        <span class="icon_plus"></span>
        <span class="icon_minus-06"></span>
    </span>
</span>
</h3>
<div  class="qode-accordion-content" >
    <div class="qode-accordion-content-inner">
        
	<div class="wpb_text_column wpb_content_element">
		<div class="wpb_wrapper">
			<p>La plupart de nos patients nous sont adressés par le LHIN de CE (HCCSS actuellement) ou par l'équipe de santé de l'Ontario.  De nombreux patients nous sont adressés par des médecins de famille ou des hôpitaux locaux lorsque le patient sort de l'hôpital.  Nous recevons également des recommandations de la communauté, de la famille ou des soignants du patient.  Les informations concernant le patient sont recueillies par un coordinateur de cas ou un coordinateur de soins, puis nous recevons ces informations dans le cadre de notre recommandation pour vos soins. Nos thérapeutes reçoivent la demande et prennent rendez-vous avec vous pour vous voir à votre domicile.</p>

		</div> 
	</div>     </div>
</div><h3 class="clearfix qode-title-holder">
<span class="qode-tab-title">
	    <span class="qode-tab-title-inner">
        Qui est pris en charge en tant que patient par le LHIN ou l'Équipe Santé Ontario ?    </span>
</span>
<span class="qode-accordion-mark">
    <span class="qode-accordion-mark-icon">
        <span class="icon_plus"></span>
        <span class="icon_minus-06"></span>
    </span>
</span>
</h3>
<div  class="qode-accordion-content" >
    <div class="qode-accordion-content-inner">
        
	<div class="wpb_text_column wpb_content_element">
		<div class="wpb_wrapper">
			<p>Pour bénéficier de services à domicile, une personne doit avoir :</p>
<ul>
<li>Carte d'assurance maladie de l'Ontario en cours de validité</li>
<li>Besoins qui ne peuvent être satisfaits en ambulatoire</li>
<li>Un état de santé qui peut être traité de manière adéquate à domicile</li>
<li>Besoin d'au moins un professionnel de la santé ou d'un service d'aide à la personne</li>
</ul>

		</div> 
	</div>     </div>
</div><h3 class="clearfix qode-title-holder">
<span class="qode-tab-title">
	    <span class="qode-tab-title-inner">
        Si je souhaite bénéficier d'un service rapidement et que je ne souhaite pas attendre sur une liste d'attente ?    </span>
</span>
<span class="qode-accordion-mark">
    <span class="qode-accordion-mark-icon">
        <span class="icon_plus"></span>
        <span class="icon_minus-06"></span>
    </span>
</span>
</h3>
<div  class="qode-accordion-content" >
    <div class="qode-accordion-content-inner">
        
	<div class="wpb_text_column wpb_content_element">
		<div class="wpb_wrapper">
			<p>Les professionnels de la réadaptation intégrée peuvent vous recevoir et vous traiter à votre domicile sur la base d'un paiement à l'acte ou peuvent bénéficier de votre couverture d'assurance ou d'une assurance maladie complémentaire. Veuillez consulter la page des tarifs.</p>

		</div> 
	</div>     </div>
</div><h3 class="clearfix qode-title-holder">
<span class="qode-tab-title">
	    <span class="qode-tab-title-inner">
        Une fois que mon service a commencé, comment puis-je faire part d'une adaptation ou d'une plainte concernant mon service ?    </span>
</span>
<span class="qode-accordion-mark">
    <span class="qode-accordion-mark-icon">
        <span class="icon_plus"></span>
        <span class="icon_minus-06"></span>
    </span>
</span>
</h3>
<div  class="qode-accordion-content" >
    <div class="qode-accordion-content-inner">
        
	<div class="wpb_text_column wpb_content_element">
		<div class="wpb_wrapper">
			<p>Integrated Rehab Professionals est heureux d'accepter toute plainte ou recommandation par téléphone. Si vous le souhaitez, vous pouvez utiliser notre ligne téléphonique réservée aux clients et laisser un message sur la boîte vocale 529 pour ce type de questions.  Vous pouvez également téléphoner à votre coordinateur de cas au LHIN (HCCSS), l'équipe de santé de l'Ontario, et lui laisser des informations.</p>

		</div> 
	</div>     </div>
</div><h3 class="clearfix qode-title-holder">
<span class="qode-tab-title">
	    <span class="qode-tab-title-inner">
        Comment ma vie privée est-elle protégée ?    </span>
</span>
<span class="qode-accordion-mark">
    <span class="qode-accordion-mark-icon">
        <span class="icon_plus"></span>
        <span class="icon_minus-06"></span>
    </span>
</span>
</h3>
<div  class="qode-accordion-content" >
    <div class="qode-accordion-content-inner">
        
	<div class="wpb_text_column wpb_content_element">
		<div class="wpb_wrapper">
			<p>Les thérapeutes de l'IRP respectent votre vie privée.  En tant que professionnels de la santé, ils peuvent utiliser ou divulguer vos renseignements personnels sur la santé en les partageant avec d'autres professionnels de la santé.  Nous respectons les lois sur la protection de la vie privée de l'Ontario.  Veuillez consulter nos politiques en matière de protection de la vie privée sur ce site Web.</p>

		</div> 
	</div>     </div>
</div><h3 class="clearfix qode-title-holder">
<span class="qode-tab-title">
	    <span class="qode-tab-title-inner">
        La massothérapie est-elle incluse dans les services à domicile ?    </span>
</span>
<span class="qode-accordion-mark">
    <span class="qode-accordion-mark-icon">
        <span class="icon_plus"></span>
        <span class="icon_minus-06"></span>
    </span>
</span>
</h3>
<div  class="qode-accordion-content" >
    <div class="qode-accordion-content-inner">
        
	<div class="wpb_text_column wpb_content_element">
		<div class="wpb_wrapper">
			<p>Integrated Rehab Professionals est associé à une clinique ambulatoire financée par l'État, le Pickering Sports Medicine &amp; Wellness Centre. Nous avons la chance d'avoir un massothérapeute qui se rend au domicile des patients dans les régions de Pickering/Ajax et Whitby.   Ses services sont payants.  Veuillez consulter le site <a href="https://www.pickeringsportsmedicine.com"><strong>https://www.pickeringsportsmedicine.com</strong></a> pour obtenir des informations sur les prestations et les tarifs de la massothérapie ou de la physiothérapie dans notre clinique externe.</p>

		</div> 
	</div>     </div>
</div></div></div></div></div></div></div></div></div></div></div></div></div>
